at is the highest common factor of 232 and 15602?
58
What is the greatest common factor of 4075 and 37979?
163
What is the greatest common divisor of 105 and 23891?
7
Calculate the greatest common divisor of 8976 and 626824.
1496
What is the highest common factor of 1003 and 17544?
17
Calculate the highest common divisor of 40713 and 41.
41
Calculate the highest common factor of 17931 and 2451.
129
Calculate the greatest common divisor of 4641 and 53601.
51
Calculate the greatest common factor of 2024946 and 297.
297
What is the highest common factor of 40475 and 675?
25
What is the highest common factor of 84465 and 90?
45
What is the highest common factor of 52 and 107094?
26
Calculate the highest common divisor of 8 and 151882.
2
What is the highest common divisor of 6592 and 112?
16
Calculate the highest common divisor of 103 and 310.
1
Calculate the highest common factor of 32 and 6910048.
32
Calculate the highest common divisor of 52 and 5736172.
52
Calculate the highest common divisor of 2327 and 2148.
179
Calculate the highest common divisor of 20397 and 6630.
39
What is the highest common divisor of 11328 and 5232?
48
Calculate the greatest common factor of 401523 and 153.
51
What is the greatest common factor of 6708 and 34572?
516
What is the highest common factor of 1380 and 8648?
92
Calculate the highest common factor of 1644 and 30688.
548
What is the highest common factor of 5552 and 592?
16
Calculate the highest common divisor of 52 and 795626.
26
Calculate the highest common divisor of 68742 and 1539.
513
What is the greatest common factor of 2355 and 62015?
785
What is the greatest common divisor of 18662 and 2752?
86
Calculate the greatest common factor of 2106 and 195.
39
What is the greatest common factor of 4850 and 260348?
194
Calculate the greatest common factor of 638 and 154.
22
What is the highest common factor of 8088168 and 264?
264
What is the greatest common divisor of 639 and 3053142?
639
What is the highest common factor of 386 and 5635407?
193
Calculate the greatest common factor of 126386 and 208.
26
Calculate the greatest common factor of 102024 and 26208.
936
Calculate the highest common divisor of 6502812 and 12.
12
Calculate the highest common divisor of 484640 and 14446.
466
What is the greatest common divisor of 1126653 and 297?
33
Calculate the greatest common divisor of 93554 and 58.
58
What is the highest common divisor of 1220120 and 880?
440
Calculate the highest common divisor of 1860 and 15035.
155
What is the highest common divisor of 51055 and 1355?
5
What is the highest common divisor of 450 and 5013?
9
Calculate the greatest common factor of 161120 and 320.
160
Calculate the greatest common divisor of 92768 and 36192.
416
What is the highest common factor of 5038142 and 37?
37
What is the highest common divisor of 954 and 106?
106
Calculate the greatest common divisor of 411 and 303.
3
Calculate the highest common factor of 27 and 1426905.
9
What is the highest common factor of 27270 and 27?
27
Calculate the highest common divisor of 7257 and 82.
41
Calculate the greatest common factor of 1047084 and 12.
12
Calculate the greatest common divisor of 3168448 and 4791.
1597
Calculate the highest common factor of 28 and 117908.
28
What is the highest common divisor of 269207 and 29?
29
What is the greatest common divisor of 855 and 22059?
171
Calculate the greatest common divisor of 3290 and 28805.
35
What is the greatest common divisor of 28 and 436058?
14
What is the greatest common divisor of 40478 and 25604?
74
Calculate the greatest common divisor of 15 and 305385.
15
What is the highest common factor of 900 and 4020?
60
Calculate the greatest common divisor of 350 and 4606.
14
What is the greatest common divisor of 71004 and 1586?
122
What is the greatest common divisor of 566 and 84?
2
Calculate the highest common divisor of 5375 and 775.
25
Calculate the greatest common divisor of 6528 and 1685856.
1632
What is the greatest common factor of 14571 and 297?
9
What is the greatest common factor of 57305 and 314?
157
What is the greatest common factor of 2216658 and 762?
762
What is the greatest common factor of 457313 and 916?
229
What is the highest common divisor of 56425 and 444?
37
What is the greatest common divisor of 18396 and 7300?
292
Calculate the greatest common divisor of 633588 and 10212.
444
Calculate the greatest common divisor of 36 and 153342.
18
Calculate the greatest common divisor of 215 and 55.
5
Calculate the greatest common factor of 1090935 and 225.
45
What is the highest common divisor of 242569 and 107?
107
Calculate the greatest common divisor of 547360 and 2860.
220
What is the greatest common divisor of 55610 and 2680?
670
What is the greatest common divisor of 637 and 949?
13
Calculate the highest common factor of 15592 and 945265.
1949
Calculate the greatest common factor of 6063 and 3243.
141
What is the greatest common divisor of 61852 and 112?
28
Calculate the highest common divisor of 60819 and 67716.
627
What is the greatest common divisor of 102357 and 34?
17
Calculate the greatest common factor of 20969 and 234.
13
Calculate the highest common factor of 5290 and 1410.
10
What is the highest common divisor of 6367166 and 26?
26
Calculate the greatest common divisor of 1148931 and 756.
189
What is the greatest common divisor of 216 and 14472?
216
Calculate the greatest common factor of 352128 and 6681.
393
What is the greatest common factor of 855 and 48420?
45
What is the highest common factor of 6171 and 1936?
121
What is the greatest common factor of 345 and 2024805?
345
What is the greatest common factor of 17110 and 3245?
295
What is the highest common factor of 32899 and 668?
167
Calculate the highest common divisor of 480 and 92676.
12
Calculate the greatest common factor of 112 and 2052932.
28
Calculate the greatest common divisor of 16537 and 209229.
719
Calculate the greatest common factor of 246298 and 13.
13
Calculate the highest common divisor of 3112773 and 4292.
1073
What is the greatest common factor of 137 and 1089013?
137
Calculate the greatest common factor of 95102 and 70.
14
What is the greatest common divisor of 5089 and 189747?
727
Calculate the highest common divisor of 121605 and 11.
11
What is the greatest common factor of 79 and 189047?
79
Calculate the greatest common divisor of 71 and 165.
1
What is the greatest common divisor of 667 and 11757209?
667
Calculate the greatest common divisor of 16 and 167064.
8
What is the greatest common factor of 42376 and 56?
8
What is the greatest common divisor of 980 and 175070?
70
What is the highest common divisor of 120239 and 3026?
89
What is the greatest common divisor of 3534456 and 57?
57
Calculate the highest common divisor of 172 and 5074.
86
What is the highest common factor of 777 and 11676?
21
Calculate the greatest common factor of 221852 and 148.
148
What is the highest common factor of 6341 and 125701?
373
Calculate the greatest common divisor of 37640 and 110.
10
What is the highest common divisor of 293 and 92881?
293
What is the highest common factor of 5278 and 4060?
406
What is the greatest common divisor of 323192 and 1136?
568
What is the highest common factor of 11143 and 3322?
11
What is the greatest common factor of 66 and 179135?
11
What is the highest common divisor of 32 and 25664?
32
What is the greatest common divisor of 58305 and 2208?
69
Calculate the greatest common factor of 285456 and 84.
12
Calculate the highest common divisor of 294 and 867.
3
What is the highest common divisor of 116996 and 1276?
44
What is the greatest common divisor of 11289 and 19239?
159
Calculate the highest common factor of 180591 and 102.
51
Calculate the highest common factor of 21044742 and 1938.
1938
What is the highest common factor of 157 and 179?
1
What is the highest common factor of 11659 and 524?
131
What is the greatest common factor of 253 and 56419?
253
What is the greatest common divisor of 1258 and 150314?
34
Calculate the greatest common factor of 14186 and 9688.
346
What is the greatest common factor of 39954 and 6?
6
Calculate the highest common factor of 7503 and 1647.
183
Calculate the greatest common divisor of 77 and 239491.
7
Calculate the greatest common